Suppose 0 = 19*p + 207 - 853. Suppose 5616 = -18*z + p*z. What is the tens digit of z?
5
Let d be 4/((0 + 4)/2). Let a(g) = -5*g**2 - g - 5*g + 6 + 0*g + 6*g**d. What is the units digit of a(5)?
1
Suppose 6*f - 766 = 18902. Suppose -6*q + q + f = -4*u, 0 = 5*q + 2*u - 3266. What is the tens digit of q?
5
Suppose 7*o - 9*o = -8. What is the units digit of (o - -3)*(-164)/(-14)?
2
Let v(h) = -h**3 + 39*h**2 - 105*h + 2657. What is the units digit of v(28)?
1
Let z = -60 - -68. Suppose z*y + 103 = -297. Let o = 18 - y. What is the tens digit of o?
6
Let f(i) be the second derivative of -i**5/20 - 11*i**4/12 + 65*i**3/6 - 12*i**2 + 2*i - 187. What is the tens digit of f(-16)?
1
Suppose -2*q + 134 = 30. Suppose -45*u = -q*u + 9576. What is the tens digit of u?
6
Let j = -191 + 187. What is the units digit of j + 7 - 339*-1?
2
Let p(c) = 88*c + 2004. What is the units digit of p(70)?
4
What is the thousands digit of 5/((-40)/(-72)) - (-2 - 11234)?
1
Let u(x) = 15*x**2 + 19*x + 1. Let t be u(-3). Let j = 295 - t. What is the units digit of j?
6
Let z = -9516 + 9547. What is the units digit of z?
1
Suppose -60190 = -2958*k + 2953*k. What is the thousands digit of k?
2
Let n(b) = -b**3 + 8*b**2 - 6*b - 6. Let g = 1 + 34. Let w = 40 - g. What is the units digit of n(w)?
9
Let a be 4/(-14) + 6/21. Let d(u) = -u**3 - 3*u**2 + u + 372. Let g be d(a). Suppose -3*x + g = x. What is the tens digit of x?
9
Let m(k) = 4*k + 2. Let w be m(-1). Suppose -2*h - 52 + 26 = 0. What is the hundreds digit of w + h/((-26)/264)?
1
Let o(a) = a**2 + 8*a - 23. Let z be 34/6 - (8/12)/(-2). What is the units digit of o(z)?
1
Let q(w) = 73*w**3 - 9*w**2 - 12*w + 10. Let r be q(10). What is the tens digit of 4/38 - r/(-190)?
7
Suppose -4*j - z + 118971 = 0, 3*j + z = 107334 - 18107. What is the units digit of j?
4
Let k(i) = 2*i**3 - 31*i**2 + 265*i - 49. What is the thousands digit of k(13)?
2
Let a be 2 + 3962/(-21) - 2/(-3). Let l = 350 + a. What is the hundreds digit of l?
1
Let q = 22 + -18. Let s(m) = 29*m - 12. Let k be s(q). What is the units digit of k - (4 - 1 - 3)?
4
Suppose 2*s - 5*s + 2064 = 0. Suppose -5*w + s = -i, 0*i - 130 = -w + 4*i. Let x = w - 60. What is the units digit of x?
8
Let a(i) = i**3 - 3*i**2 + 8*i - 7. Let p be a(2). Suppose -5*g + 5*d = -1830, 2*g + 1098 = p*g - 2*d. What is the hundreds digit of g?
3
Suppose 4*r - 32644 = -3*l, -l - 43540 = -5*l + 2*r. What is the tens digit of l?
8
Let g be 8 - 1*((-65)/39)/(5/(-66)). Let o(x) be the third derivative of x**6/60 + 29*x**5/60 + x**4/4 + 5*x**3/2 - x**2. What is the tens digit of o(g)?
2
Let u(v) = 5058*v + 1468. What is the tens digit of u(6)?
1
Let a(y) = 21*y - 182. Let v be a(9). What is the tens digit of (v - 1)/(-6) + 568?
6
Suppose -168 = -7*n + 7. Suppose 3*p - n = -2*p. Suppose p*t = -0*t + 775. What is the units digit of t?
5
Suppose x - j = 78, -x + 82 = -0*j + 3*j. Let d = x - 82. What is the tens digit of (1 + d)/((-9)/(675/10))?
1
Suppose -22*y + 80 = -17*y. Let a = y - -17. Let w = a + -21. What is the units digit of w?
2
Suppose 510*o = 535*o - 262225. What is the units digit of o?
9
Suppose -3*a - 14*c - 20 = -9*c, -2*a - 2*c = 8. What is the units digit of a + (-1199)/(-9) + 24/(-108)?
3
Let q be 1/1 - 239/1. Let g = 5079 + -4742. Let r = q + g. What is the tens digit of r?
9
Suppose 2*m - y = 151594, 4*y = 2*m + 6*y - 151618. What is the hundreds digit of m?
8
Suppose 24*r - 115922 - 13702 = 0. What is the thousands digit of r?
5
Let s = -821 + 184. Let y = 917 + s. Suppose -2*i = -7*i + y. What is the units digit of i?
6
Let t be (2 - 3)/((-8)/34040). Suppose 21*p = 24*p - 4*i - t, 2*p = 4*i + 2842. What is the thousands digit of p?
1
Let n(j) = 2*j + 24. Suppose 2*s - 4*o + 24 = 0, -3*s + 6*s - 4*o + 38 = 0. Let v be n(s). Let u(d) = -19*d + 27. What is the hundreds digit of u(v)?
1
Let u be ((-176)/220)/(2/22980). What is the tens digit of (u/32)/((-9)/12)?
8
Suppose -2*j + j = 1. Let n(o) = 56*o**2 - 40*o**2 + 0*o - o. What is the units digit of n(j)?
7
Suppose 3329 = -10*w - 321. Let v = w - -708. What is the tens digit of v?
4
Let m(k) = 252*k**2 + 13*k - 41. What is the ten thousands digit of m(7)?
1
Let x = -23127 + 55050. What is the tens digit of x?
2
Let j(i) be the first derivative of -13*i - 7/2*i**2 - 19. What is the units digit of j(-7)?
6
Suppose 2*f - w = 172, -5*f + w + 440 = -4*w. Suppose 0 = -4*p + f + 520. What is the tens digit of p?
5
Let w(f) = f**3 + 118*f**2 - 260*f + 173. What is the tens digit of w(-119)?
5
Let z(k) = -k - 12. Let o be z(-16). Suppose -4*l + 0*j = -2*j - 1366, o*l - 1363 = -j. What is the tens digit of l?
4
Let w = -2 + 8. Let m(z) = 6*z + 6*z**2 + 0 + 1 - z**3 + w + 0*z**2. What is the units digit of m(6)?
3
Let c(w) = w**2 + 36*w - 32. Let n be 584/(-28) - (-4)/(-28). Let a be c(n). Let x = a + 543. What is the units digit of x?
6
Let m = 4917 + -1842. What is the units digit of m?
5
Suppose 260 = -4*p + 2*d, -4*p - 5*d - 140 - 92 = 0. Let b be p/(-35) + 3/15. Suppose b*o = 7*o - 380. What is the tens digit of o?
7
Suppose -57 = -v - 45. Suppose -v*j + 15*j = 24. Suppose 2*f = -5*g + 372, 10*f - j*f - 378 = -2*g. What is the hundreds digit of f?
1
Let j(f) = 5*f**2 - 2*f + 12. Let q(y) = 11*y**2 - 3*y + 24. Let u(t) = 9*j(t) - 4*q(t). What is the units digit of u(16)?
2
Suppose -4*w + 28 = 12. Suppose 844 = w*u - 5*y, -u - 5*y + 1 = -210. What is the hundreds digit of u?
2
Suppose 5*k = -3*k. Suppose 3*g = 3*r + 21, 0 = g - k*g + 3*r + 9. Suppose -2*w + g*w = 3*i + 70, 313 = 4*w - i. What is the units digit of w?
9
Let s be (5/(-1))/((-2)/2). Suppose -u - 398 = 5*o, o + 137 = -s*u + 43. Let p = -2 - o. What is the tens digit of p?
7
Let g(o) = 9*o + 36. Let u be g(-9). What is the tens digit of (30/(-7))/(u/1680)?
6
Let g(n) = -6*n - 13. Let j be g(-5). Let k(m) = -m**3 + 16*m**2 + 17*m - 10. Let p be k(j). What is the tens digit of (-214)/p*(6 + -1)?
0
Let a be (-22)/121 + 114/22. Suppose -a*i = 5*g + 40, 2*i + 6 = -4*g - 16. Let s(j) = 4*j**2 - 11*j - 3. What is the units digit of s(i)?
2
Let z = 514 - 491. Suppose -2*f = -r - 570, -1436 = -5*f + z*r - 26*r. What is the tens digit of f?
8
Suppose 3*p = 9, 18*p - 8*p - 307225 = -5*l. What is the ten thousands digit of l?
6
Let t(a) = -a**3 + 4*a**2 - 2*a + 8. Let c be t(5). Let d = 31 - c. Let k = d + -55. What is the units digit of k?
3
Suppose -3*f - 3*g + 37987 = -4664, 4*g + 28440 = 2*f. What is the tens digit of f?
1
Let c(y) be the first derivative of -251*y**2/2 - 2*y - 29. What is the hundreds digit of c(-1)?
2
Let y(c) = c**3 + 13*c**2 + 6*c - 33. Let j be y(-15). Let v = j + 1153. What is the hundreds digit of v?
5
What is the hundreds digit of (-2)/9 + ((-2)/24)/((-333)/95345448)?
8
Let z(k) be the second derivative of 6*k**3 - 221*k**2/2 - 111*k. What is the units digit of z(20)?
9
Suppose 4*x + 4*n = 2*x - 6, x + 5*n = -9. Let g be (x - 268/(-4))*4. Suppose 0 = -2*k + 6*k - g. What is the units digit of k?
8
Let y = 118 - 121. What is the units digit of 81 + (y + 1 - 0/2)?
9
Let l be 240/20 - (-4 + (-2)/(-2)). Suppose -2 + 13 = 2*t + k, -5*k = 2*t - l. What is the units digit of t?
5
Let u(n) = -27*n**3 + n**2 + n - 2. Let m be u(-2). Let v = m - -157. What is the hundreds digit of v?
3
Let b(c) = -2*c**3 + 169*c**2 - 302*c - 60. What is the units digit of b(82)?
6
Let z(w) = w**3 + 22*w**2 + 49*w - 22. What is the units digit of z(9)?
0
Let l be 3*(12/(-8) + 3)*206. Let m = l - 527. What is the tens digit of m/(-24)*(-27)/6?
7
Let o(p) = 5*p - 52. Let m be o(13). Suppose -8*l = -m*l + 235. What is the units digit of l?
7
Let d = 84 + -69. Let i be (-6)/d*-8 - 32/(-40). Suppose 0 = 3*c + 2*y - 390, -2*c + i*y + 250 = 2*y. What is the units digit of c?
8
Let t be (-148)/(-20) + 6/(-15). Let o(x) = -7*x + t*x + 4 - x. What is the units digit of o(-4)?
8
Let l(b) = -2*b - 2. Let s be l(-3). Suppose 5*i - s*q = 670, -3*i - q - q = -402. Let d = i - 51. What is the units digit of d?
3
Let f(o) = 2*o**2 - 3*o + 2. Let y(m) = m**2 - 3*m + 1. Let q(s) = -2*f(s) + 3*y(s). Let x be q(-4). What is the tens digit of (x*12/(-40))/(1/16)?
2
Let l(x) = -x**3 - 8*x**2 + x + 18. Let c be l(-8). Let z be 3/(-6) + (-15)/(-2). Suppose c*w = z*w + 48. What is the units digit of w?
6
